{"id":890,"date":"2017-01-27T12:03:06","date_gmt":"2017-01-27T12:03:06","guid":{"rendered":"http:\/\/sao-tome-infos.com\/?page_id=890"},"modified":"2020-05-11T09:38:58","modified_gmt":"2020-05-11T09:38:58","slug":"museums-heritage","status":"publish","type":"page","link":"http:\/\/sao-tome.africa-infos.com\/?page_id=890","title":{"rendered":"Museums &#038; Heritage"},"content":{"rendered":"<h2>&nbsp;<\/h2>\n<table style=\"text-align: left; width: 100%; height: 174px;\" border=\"0\" cellspacing=\"0\" cellpadding=\"0\">\n<tbody>\n<tr>\n<td style=\"vertical-align: top; text-align: center; width: 33%;\">\n<p><div id=\"attachment_1004\" style=\"width: 310px\" class=\"wp-caption aligncenter\"><img loading=\"lazy\" decoding=\"async\" aria-describedby=\"caption-attachment-1004\" class=\"wp-image-1004 size-medium\" src=\"http:\/\/world-infos.com\/wp-content\/uploads\/2020\/02\/MUSEUMS-1.png\" alt=\"\" width=\"300\" height=\"194\"\/><p id=\"caption-attachment-1004\" class=\"wp-caption-text\"><a href=\"http:\/\/heritages-museums-infos.com\/\" target=\"_blank\" rel=\"noopener noreferrer\"><span style=\"color: #0000ff;\"><strong>Heritages  and Museums<\/strong><\/span><\/a><\/p><\/div><\/td>\n<td style=\"vertical-align: top; text-align: center; width: 33%;\">\n<p><div id=\"attachment_893\" style=\"width: 310px\" class=\"wp-caption aligncenter\"><a href=\"http:\/\/www.saotomeislands.com\/attractions\/museumsgalleries.html\" target=\"_blank\" rel=\"noopener noreferrer\"><img loading=\"lazy\" decoding=\"async\" aria-describedby=\"caption-attachment-893\" class=\"wp-image-893 size-medium\" src=\"http:\/\/sao-tome-infos.com\/wp-content\/uploads\/S\u00e3o-Sebasti\u00e3o-Museum.-300x194.png\" width=\"300\" height=\"194\" srcset=\"http:\/\/sao-tome.africa-infos.com\/wp-content\/uploads\/S\u00e3o-Sebasti\u00e3o-Museum.-300x194.png 300w, http:\/\/sao-tome.africa-infos.com\/wp-content\/uploads\/S\u00e3o-Sebasti\u00e3o-Museum..png 310w\" sizes=\"auto, (max-width: 300px) 100vw, 300px\" \/><\/a><p id=\"caption-attachment-893\" class=\"wp-caption-text\"><span style=\"color: #ff0000;\"><a style=\"color: #ff0000;\" href=\"http:\/\/www.saotomeislands.com\/attractions\/museumsgalleries.html\" target=\"_blank\" rel=\"noopener noreferrer\"><strong>S\u00e3o Sebasti\u00e3o Museum<\/strong><\/a> <\/span>is a museum and fort in S\u00e3o Tom\u00e9 and Pr\u00edncipe in the city of S\u00e3o Tom\u00e9 in the southernmost part of Ana Chaves Bay. It contains religious art and colonial-era artifacts. Address: S\u00e3o Tom\u00e9, S\u00e3o Tom\u00e9 and Pr\u00edncipe<\/p><\/div><\/td>\n<td style=\"vertical-align: top; text-align: center; width: 33%;\">\n<p><div id=\"attachment_895\" style=\"width: 310px\" class=\"wp-caption aligncenter\"><a href=\"http:\/\/www.africa.com\/countries\/sao-tome-and-principe\/museum-guide\/\" target=\"_blank\" rel=\"noopener noreferrer\"><img loading=\"lazy\" decoding=\"async\" aria-describedby=\"caption-attachment-895\" class=\"wp-image-895 size-medium\" src=\"http:\/\/sao-tome-infos.com\/wp-content\/uploads\/National-Museum-300x194.png\" width=\"300\" height=\"194\" srcset=\"http:\/\/sao-tome.africa-infos.com\/wp-content\/uploads\/National-Museum-300x194.png 300w, http:\/\/sao-tome.africa-infos.com\/wp-content\/uploads\/National-Museum.png 310w\" sizes=\"auto, (max-width: 300px) 100vw, 300px\" \/><\/a><p id=\"caption-attachment-895\" class=\"wp-caption-text\">A general <span style=\"color: #ff0000;\"><a style=\"color: #ff0000;\" href=\"http:\/\/www.africa.com\/countries\/sao-tome-and-principe\/museum-guide\/\" target=\"_blank\" rel=\"noopener noreferrer\"><strong>National Museum<\/strong><\/a><\/span> was founded in 1976 and located in the Fortress of Saint Sebastian, constructed in 1585. Address: Avenida Marginal 12 Julho, S\u00e3o Tom\u00e9, S\u00e3o Tom\u00e9 and Pr\u00edncipe Phone:+239 222 1874<\/p><\/div><\/td>\n<\/tr>\n<tr>\n<td style=\"vertical-align: top; text-align: center; width: 33%;\">&nbsp;<\/td>\n<td style=\"vertical-align: top; text-align: center; width: 33%;\">&nbsp;<\/td>\n<td style=\"vertical-align: top; text-align: center; width: 33%;\">&nbsp;<\/td>\n<\/tr>\n<\/tbody>\n<\/table>\n","protected":false},"excerpt":{"rendered":"<p>&nbsp; &nbsp; &nbsp; &nbsp;<\/p>\n","protected":false},"author":10,"featured_media":0,"parent":0,"menu_order":0,"comment_status":"closed","ping_status":"closed","template":"","meta":{"footnotes":""},"class_list":["post-890","page","type-page","status-publish","hentry"],"_links":{"self":[{"href":"http:\/\/sao-tome.africa-infos.com\/index.php?rest_route=\/wp\/v2\/pages\/890","targetHints":{"allow":["GET"]}}],"collection":[{"href":"http:\/\/sao-tome.africa-infos.com\/index.php?rest_route=\/wp\/v2\/pages"}],"about":[{"href":"http:\/\/sao-tome.africa-infos.com\/index.php?rest_route=\/wp\/v2\/types\/page"}],"author":[{"embeddable":true,"href":"http:\/\/sao-tome.africa-infos.com\/index.php?rest_route=\/wp\/v2\/users\/10"}],"replies":[{"embeddable":true,"href":"http:\/\/sao-tome.africa-infos.com\/index.php?rest_route=%2Fwp%2Fv2%2Fcomments&post=890"}],"version-history":[{"count":5,"href":"http:\/\/sao-tome.africa-infos.com\/index.php?rest_route=\/wp\/v2\/pages\/890\/revisions"}],"predecessor-version":[{"id":1043,"href":"http:\/\/sao-tome.africa-infos.com\/index.php?rest_route=\/wp\/v2\/pages\/890\/revisions\/1043"}],"wp:attachment":[{"href":"http:\/\/sao-tome.africa-infos.com\/index.php?rest_route=%2Fwp%2Fv2%2Fmedia&parent=890"}],"curies":[{"name":"wp","href":"https:\/\/api.w.org\/{rel}","templated":true}]}}